{"id":1398,"date":"2012-04-19T17:46:30","date_gmt":"2012-04-19T17:46:30","guid":{"rendered":"http:\/\/www.jastrzebie.lask.com.pl\/?page_id=1398"},"modified":"2012-06-01T18:56:23","modified_gmt":"2012-06-01T18:56:23","slug":"mapy-tras","status":"publish","type":"page","link":"https:\/\/www.jastrzebie.lask.com.pl\/index.php\/archiwum\/ii-supermaraton\/mapy-tras\/","title":{"rendered":"Mapy tras"},"content":{"rendered":"<p><a href=\"#rod\">Maraton Rodzinny &#8211; 72km<\/a><br \/>\n<a href=\"#mini\">Maraton Mini &#8211; 88km<\/a><br \/>\n<a href=\"#mega\">Maraton Mega &#8211; 160km (p\u0119tla 88km + p\u0119tla 72km)<\/a><br \/>\n<a href=\"#giga\">Maraton Giga &#8211; 232km (p\u0119tla 88km + 2x p\u0119tla 72km<\/a><\/p>\n<p><a href=\"http:\/\/www.jastrzebie.lask.com.pl\/wp-content\/uploads\/2012\/04\/mapa2012f.jpg\"><img loading=\"lazy\" decoding=\"async\" src=\"http:\/\/www.jastrzebie.lask.com.pl\/wp-content\/uploads\/2012\/04\/mapa2012f-1024x1024.jpg\" alt=\"mapa tras II Supermaratonu Jastrz\u0119bi \u0141askich\" title=\"mapa tras II Supermaratonu Jastrz\u0119bi \u0141askich\" width=\"640\" height=\"640\" class=\"alignnone size-large wp-image-1489\" srcset=\"https:\/\/www.jastrzebie.lask.com.pl\/wp-content\/uploads\/2012\/04\/mapa2012f-1024x1024.jpg 1024w, https:\/\/www.jastrzebie.lask.com.pl\/wp-content\/uploads\/2012\/04\/mapa2012f-150x150.jpg 150w, https:\/\/www.jastrzebie.lask.com.pl\/wp-content\/uploads\/2012\/04\/mapa2012f-300x300.jpg 300w\" sizes=\"auto, (max-width: 640px) 100vw, 640px\" \/><\/a><\/p>\n<h3 id=\"rod\">Maraton Rodzinny &#8211; 72km<\/h3>\n<div style='margin-top:2px;margin-bottom:2px;width:650px;font-family:Arial,Helvetica,sans-serif;font-size:9px;color:#535353;background-color:#ffffff;border:0px solid #2a88ac;font-style:normal;text-align:right;padding:0px;padding-bottom:3px !important;'><iframe width='650' height='650' border='0' src='http:\/\/www.bikemap.net\/route\/1521136\/widget?width=650&amp;height=500&amp;extended=true&amp;maptype=terrain&amp;unit=km&amp;redirect=no&amp;distance_markers=always' frameborder='0' marginheight='0' marginwidth='0' scrolling='no'><\/iframe><br \/>Trasa rowerowa <a style='color:#2a88ac; text-decoration:underline;' href='http:\/\/www.bikemap.net\/route\/1521136'>1521136<\/a> &#8211; powered by <a style='color:#2a88ac; text-decoration:underline;' href='http:\/\/www.bikemap.net'>Bikemap<\/a>&nbsp;<\/div>\n<h3 id=\"mini\">Maraton Mini &#8211; 88km<\/h3>\n<div style='margin-top:2px;margin-bottom:2px;width:650px;font-family:Arial,Helvetica,sans-serif;font-size:9px;color:#535353;background-color:#ffffff;border:0px solid #2a88ac;font-style:normal;text-align:right;padding:0px;padding-bottom:3px !important;'><iframe width='650' height='650' border='0' src='http:\/\/www.bikemap.net\/route\/1518145\/widget?width=650&amp;height=500&amp;extended=true&amp;maptype=terrain&amp;unit=km&amp;redirect=no&amp;distance_markers=always' frameborder='0' marginheight='0' marginwidth='0' scrolling='no'><\/iframe><br \/>Trasa rowerowa <a style='color:#2a88ac; text-decoration:underline;' href='http:\/\/www.bikemap.net\/route\/1518145'>1518145<\/a> &#8211; powered by <a style='color:#2a88ac; text-decoration:underline;' href='http:\/\/www.bikemap.net'>Bikemap<\/a>&nbsp;<\/div>\n<h3 id=\"mega\">Maraton Mega &#8211; 160km (1x Mini + 1x Rodzinny)<\/h3>\n<h3 id=\"giga\">Maraton Giga &#8211; 232km (1x Mini + 2x Rodzinny)<\/h3>\n","protected":false},"excerpt":{"rendered":"<p>Maraton Rodzinny &#8211; 72km Maraton Mini &#8211; 88km Maraton Mega &#8211; 160km (p\u0119tla 88km + p\u0119tla 72km) Maraton Giga &#8211; 232km (p\u0119tla 88km + 2x p\u0119tla 72km Maraton Rodzinny &#8211; 72km Trasa rowerowa 1521136 &#8211; powered by Bikemap&nbsp; Maraton Mini &hellip; <a href=\"https:\/\/www.jastrzebie.lask.com.pl\/index.php\/archiwum\/ii-supermaraton\/mapy-tras\/\">Czytaj dalej <span class=\"meta-nav\">&rarr;<\/span><\/a><\/p>\n","protected":false},"author":1,"featured_media":0,"parent":1344,"menu_order":4,"comment_status":"open","ping_status":"closed","template":"","meta":{"footnotes":""},"class_list":["post-1398","page","type-page","status-publish","hentry"],"_links":{"self":[{"href":"https:\/\/www.jastrzebie.lask.com.pl\/index.php\/wp-json\/wp\/v2\/pages\/1398","targetHints":{"allow":["GET"]}}],"collection":[{"href":"https:\/\/www.jastrzebie.lask.com.pl\/index.php\/wp-json\/wp\/v2\/pages"}],"about":[{"href":"https:\/\/www.jastrzebie.lask.com.pl\/index.php\/wp-json\/wp\/v2\/types\/page"}],"author":[{"embeddable":true,"href":"https:\/\/www.jastrzebie.lask.com.pl\/index.php\/wp-json\/wp\/v2\/users\/1"}],"replies":[{"embeddable":true,"href":"https:\/\/www.jastrzebie.lask.com.pl\/index.php\/wp-json\/wp\/v2\/comments?post=1398"}],"version-history":[{"count":10,"href":"https:\/\/www.jastrzebie.lask.com.pl\/index.php\/wp-json\/wp\/v2\/pages\/1398\/revisions"}],"predecessor-version":[{"id":1492,"href":"https:\/\/www.jastrzebie.lask.com.pl\/index.php\/wp-json\/wp\/v2\/pages\/1398\/revisions\/1492"}],"up":[{"embeddable":true,"href":"https:\/\/www.jastrzebie.lask.com.pl\/index.php\/wp-json\/wp\/v2\/pages\/1344"}],"wp:attachment":[{"href":"https:\/\/www.jastrzebie.lask.com.pl\/index.php\/wp-json\/wp\/v2\/media?parent=1398"}],"curies":[{"name":"wp","href":"https:\/\/api.w.org\/{rel}","templated":true}]}}