{"id":1816,"date":"2012-09-27T18:52:03","date_gmt":"2012-09-27T18:52:03","guid":{"rendered":"http:\/\/www.jastrzebie.lask.com.pl\/?page_id=1816"},"modified":"2012-09-27T18:58:39","modified_gmt":"2012-09-27T18:58:39","slug":"kielbaski-na-ognisko-od-firmy-jbb","status":"publish","type":"page","link":"https:\/\/www.jastrzebie.lask.com.pl\/index.php\/archiwum\/ii-maraton-mtb\/kielbaski-na-ognisko-od-firmy-jbb\/","title":{"rendered":"Kie\u0142baski na ognisko od firmy JBB"},"content":{"rendered":"<p>Nasz sponsor, firma JBB przygotowa\u0142a bardzo mi\u0142\u0105 niespodziank\u0119, b\u0119d\u0105 ni\u0105 smaczne kie\u0142baski przeznaczone na ognisko po maratonie .<\/p>\n<p><a href=\"http:\/\/www.jbb.pl\/\"><img loading=\"lazy\" decoding=\"async\" class=\"alignnone\" src=\"http:\/\/www.jastrzebie.lask.com.pl\/wp-content\/uploads\/2012\/09\/JBB.png\" alt=\"\" width=\"306\" height=\"107\" \/><\/a><\/p>\n","protected":false},"excerpt":{"rendered":"<p>Nasz sponsor, firma JBB przygotowa\u0142a bardzo mi\u0142\u0105 niespodziank\u0119, b\u0119d\u0105 ni\u0105 smaczne kie\u0142baski przeznaczone na ognisko po maratonie .<\/p>\n","protected":false},"author":120,"featured_media":0,"parent":1605,"menu_order":0,"comment_status":"open","ping_status":"open","template":"","meta":{"footnotes":""},"class_list":["post-1816","page","type-page","status-publish","hentry"],"_links":{"self":[{"href":"https:\/\/www.jastrzebie.lask.com.pl\/index.php\/wp-json\/wp\/v2\/pages\/1816","targetHints":{"allow":["GET"]}}],"collection":[{"href":"https:\/\/www.jastrzebie.lask.com.pl\/index.php\/wp-json\/wp\/v2\/pages"}],"about":[{"href":"https:\/\/www.jastrzebie.lask.com.pl\/index.php\/wp-json\/wp\/v2\/types\/page"}],"author":[{"embeddable":true,"href":"https:\/\/www.jastrzebie.lask.com.pl\/index.php\/wp-json\/wp\/v2\/users\/120"}],"replies":[{"embeddable":true,"href":"https:\/\/www.jastrzebie.lask.com.pl\/index.php\/wp-json\/wp\/v2\/comments?post=1816"}],"version-history":[{"count":5,"href":"https:\/\/www.jastrzebie.lask.com.pl\/index.php\/wp-json\/wp\/v2\/pages\/1816\/revisions"}],"predecessor-version":[{"id":1818,"href":"https:\/\/www.jastrzebie.lask.com.pl\/index.php\/wp-json\/wp\/v2\/pages\/1816\/revisions\/1818"}],"up":[{"embeddable":true,"href":"https:\/\/www.jastrzebie.lask.com.pl\/index.php\/wp-json\/wp\/v2\/pages\/1605"}],"wp:attachment":[{"href":"https:\/\/www.jastrzebie.lask.com.pl\/index.php\/wp-json\/wp\/v2\/media?parent=1816"}],"curies":[{"name":"wp","href":"https:\/\/api.w.org\/{rel}","templated":true}]}}