{"id":2449,"date":"2013-09-19T21:28:07","date_gmt":"2013-09-19T19:28:07","guid":{"rendered":"http:\/\/www.jastrzebie.lask.com.pl\/?page_id=2449"},"modified":"2013-09-19T21:28:36","modified_gmt":"2013-09-19T19:28:36","slug":"objazd-trasy","status":"publish","type":"page","link":"https:\/\/www.jastrzebie.lask.com.pl\/index.php\/archiwum\/iii-maraton-mtb-2\/objazd-trasy\/","title":{"rendered":"Objazd trasy"},"content":{"rendered":"<p>Oficjalny objazd trasy b\u0119dzie odb\u0119dzie si\u0119 w niedziel\u0119 o godzinie 11, zbi\u00f3rka pod p\u0142ywalni\u0105 w \u0141asku ul. Szkolna 2<\/p>\n","protected":false},"excerpt":{"rendered":"<p>Oficjalny objazd trasy b\u0119dzie odb\u0119dzie si\u0119 w niedziel\u0119 o godzinie 11, zbi\u00f3rka pod p\u0142ywalni\u0105 w \u0141asku ul. Szkolna 2<\/p>\n","protected":false},"author":120,"featured_media":0,"parent":2400,"menu_order":0,"comment_status":"open","ping_status":"open","template":"","meta":{"footnotes":""},"class_list":["post-2449","page","type-page","status-publish","hentry"],"_links":{"self":[{"href":"https:\/\/www.jastrzebie.lask.com.pl\/index.php\/wp-json\/wp\/v2\/pages\/2449","targetHints":{"allow":["GET"]}}],"collection":[{"href":"https:\/\/www.jastrzebie.lask.com.pl\/index.php\/wp-json\/wp\/v2\/pages"}],"about":[{"href":"https:\/\/www.jastrzebie.lask.com.pl\/index.php\/wp-json\/wp\/v2\/types\/page"}],"author":[{"embeddable":true,"href":"https:\/\/www.jastrzebie.lask.com.pl\/index.php\/wp-json\/wp\/v2\/users\/120"}],"replies":[{"embeddable":true,"href":"https:\/\/www.jastrzebie.lask.com.pl\/index.php\/wp-json\/wp\/v2\/comments?post=2449"}],"version-history":[{"count":2,"href":"https:\/\/www.jastrzebie.lask.com.pl\/index.php\/wp-json\/wp\/v2\/pages\/2449\/revisions"}],"predecessor-version":[{"id":2451,"href":"https:\/\/www.jastrzebie.lask.com.pl\/index.php\/wp-json\/wp\/v2\/pages\/2449\/revisions\/2451"}],"up":[{"embeddable":true,"href":"https:\/\/www.jastrzebie.lask.com.pl\/index.php\/wp-json\/wp\/v2\/pages\/2400"}],"wp:attachment":[{"href":"https:\/\/www.jastrzebie.lask.com.pl\/index.php\/wp-json\/wp\/v2\/media?parent=2449"}],"curies":[{"name":"wp","href":"https:\/\/api.w.org\/{rel}","templated":true}]}}

<p>Oficjalny objazd trasy będzie odbędzie się w niedzielę o godzinie 11, zbiórka pod pływalnią w Łasku ul. Szkolna 2</p>
