{"id":3309,"date":"2014-06-08T22:25:40","date_gmt":"2014-06-08T20:25:40","guid":{"rendered":"http:\/\/www.jastrzebie.lask.com.pl\/?page_id=3309"},"modified":"2014-06-09T11:50:02","modified_gmt":"2014-06-09T09:50:02","slug":"wyniki","status":"publish","type":"page","link":"https:\/\/www.jastrzebie.lask.com.pl\/index.php\/archiwum\/iv-supermaraton\/wyniki\/","title":{"rendered":"Wyniki"},"content":{"rendered":"<p><strong>Wyniki IV Supermaratonu Jastrz\u0119bi \u0141askich<\/strong><\/p>\n<p><a href=\"http:\/\/jastrzebie.lask.com.pl\/wyniki2014\/minik.html\" title=\"Mini Kobiety\">Dystans Mini Kobiety<\/a><br \/>\n<a href=\"http:\/\/jastrzebie.lask.com.pl\/wyniki2014\/minim.html\" title=\"Mini M\u0119\u017cczy\u017ani\">Dystans Mini M\u0119\u017cczy\u017ani<\/a><\/p>\n<p><a href=\"http:\/\/jastrzebie.lask.com.pl\/wyniki2014\/megak.html\" title=\"Mega Kobiety\">Dystans Mega Kobiety<\/a><br \/>\n<a href=\"http:\/\/jastrzebie.lask.com.pl\/wyniki2014\/megam.html\" title=\"Mega M\u0119\u017cczy\u017ani\">Dystans Mega M\u0119\u017cczy\u017ani<\/a><\/p>\n<p><a href=\"http:\/\/jastrzebie.lask.com.pl\/wyniki2014\/gigak.html\" title=\"Giga Kobiety\">Dystans Giga Kobiety<\/a><br \/>\n<a href=\"http:\/\/jastrzebie.lask.com.pl\/wyniki2014\/gigam.html\" title=\"Giga M\u0119\u017cczy\u017ani\">Dystans Giga M\u0119\u017cczy\u017ani<\/a><\/p>\n<p><a href=\"http:\/\/jastrzebie.lask.com.pl\/wyniki2014\/rodzinny.html\" title=\"Rodzinny\">Dystans Rodzinny<\/a><\/p>\n","protected":false},"excerpt":{"rendered":"<p>Wyniki IV Supermaratonu Jastrz\u0119bi \u0141askich Dystans Mini Kobiety Dystans Mini M\u0119\u017cczy\u017ani Dystans Mega Kobiety Dystans Mega M\u0119\u017cczy\u017ani Dystans Giga Kobiety Dystans Giga M\u0119\u017cczy\u017ani Dystans Rodzinny<\/p>\n","protected":false},"author":1,"featured_media":0,"parent":3148,"menu_order":0,"comment_status":"open","ping_status":"open","template":"","meta":{"footnotes":""},"class_list":["post-3309","page","type-page","status-publish","hentry"],"_links":{"self":[{"href":"https:\/\/www.jastrzebie.lask.com.pl\/index.php\/wp-json\/wp\/v2\/pages\/3309","targetHints":{"allow":["GET"]}}],"collection":[{"href":"https:\/\/www.jastrzebie.lask.com.pl\/index.php\/wp-json\/wp\/v2\/pages"}],"about":[{"href":"https:\/\/www.jastrzebie.lask.com.pl\/index.php\/wp-json\/wp\/v2\/types\/page"}],"author":[{"embeddable":true,"href":"https:\/\/www.jastrzebie.lask.com.pl\/index.php\/wp-json\/wp\/v2\/users\/1"}],"replies":[{"embeddable":true,"href":"https:\/\/www.jastrzebie.lask.com.pl\/index.php\/wp-json\/wp\/v2\/comments?post=3309"}],"version-history":[{"count":2,"href":"https:\/\/www.jastrzebie.lask.com.pl\/index.php\/wp-json\/wp\/v2\/pages\/3309\/revisions"}],"predecessor-version":[{"id":3315,"href":"https:\/\/www.jastrzebie.lask.com.pl\/index.php\/wp-json\/wp\/v2\/pages\/3309\/revisions\/3315"}],"up":[{"embeddable":true,"href":"https:\/\/www.jastrzebie.lask.com.pl\/index.php\/wp-json\/wp\/v2\/pages\/3148"}],"wp:attachment":[{"href":"https:\/\/www.jastrzebie.lask.com.pl\/index.php\/wp-json\/wp\/v2\/media?parent=3309"}],"curies":[{"name":"wp","href":"https:\/\/api.w.org\/{rel}","templated":true}]}}