{"id":413,"date":"2011-04-17T19:23:39","date_gmt":"2011-04-17T19:23:39","guid":{"rendered":"http:\/\/www.jastrzebie.lask.com.pl\/?page_id=413"},"modified":"2011-04-17T19:53:44","modified_gmt":"2011-04-17T19:53:44","slug":"patronat","status":"publish","type":"page","link":"https:\/\/www.jastrzebie.lask.com.pl\/index.php\/archiwum\/rowerowy-supermaraton\/patronat\/","title":{"rendered":"Patronaty"},"content":{"rendered":"<div style=\"float:left;display:inline;text-align:center;width:100%;margin-top:10px; padding-top:20px;  border-top:1px solid #ccc;overflow:hidden;\">\n<p style=\"float:left; margin:0;\"><a href=\"http:\/\/www.jastrzebie.lask.com.pl\/wp-content\/uploads\/2011\/04\/herb_lodzkie.jpg\"><img loading=\"lazy\" decoding=\"async\" src=\"http:\/\/www.jastrzebie.lask.com.pl\/wp-content\/uploads\/2011\/04\/marszalek.jpg\" alt=\"Patronat Marsza\u0142ka Wojew\u00f3dztwa \u0141\u00f3dzkiego\" title=\"Patronat Marsza\u0142ka Wojew\u00f3dztwa \u0141\u00f3dzkiego\" width=\"126\" height=\"93\" class=\"alignleft size-medium wp-image-401\" \/><\/a><\/p>\n<p style=\"margin:35px 0;\"><strong>Patronat Marsza\u0142ka Wojew\u00f3dztwa \u0141\u00f3dzkiego<\/strong><\/p>\n<\/div>\n<div style=\"float:left;display:inline;text-align:center;width:100%;clear:left;margin-top:10px; padding-top:20px;padding-bottom:10px; border-top:1px solid #ccc;border-bottom:1px solid #ccc;overflow:hidden;\">\n<p style=\"float:left; margin:0;\"><a href=\"http:\/\/www.jastrzebie.lask.com.pl\/wp-content\/uploads\/2011\/04\/radio_lodz_2006.jpg\"><img loading=\"lazy\" decoding=\"async\" src=\"http:\/\/www.jastrzebie.lask.com.pl\/wp-content\/uploads\/2011\/04\/radiolodz.jpg\" alt=\"Radio \u0141\u00f3d\u017a\" title=\"Radio \u0141\u00f3d\u017a\" width=\"91\" height=\"50\" class=\"alignleft size-medium wp-image-396\" style=\"margin: 20px 17px 35px;\"\/><\/a><\/p>\n<p style=\"margin:35px 0;\"><strong>Patronat Medialny &#8211; Radio \u0141\u00f3d\u017a<\/strong><\/p>\n<\/div>\n<div style=\"clear:both;\"><\/div>\n","protected":false},"excerpt":{"rendered":"<p>Patronat Marsza\u0142ka Wojew\u00f3dztwa \u0141\u00f3dzkiego Patronat Medialny &#8211; Radio \u0141\u00f3d\u017a<\/p>\n","protected":false},"author":1,"featured_media":0,"parent":69,"menu_order":9,"comment_status":"closed","ping_status":"closed","template":"","meta":{"footnotes":""},"class_list":["post-413","page","type-page","status-publish","hentry"],"_links":{"self":[{"href":"https:\/\/www.jastrzebie.lask.com.pl\/index.php\/wp-json\/wp\/v2\/pages\/413","targetHints":{"allow":["GET"]}}],"collection":[{"href":"https:\/\/www.jastrzebie.lask.com.pl\/index.php\/wp-json\/wp\/v2\/pages"}],"about":[{"href":"https:\/\/www.jastrzebie.lask.com.pl\/index.php\/wp-json\/wp\/v2\/types\/page"}],"author":[{"embeddable":true,"href":"https:\/\/www.jastrzebie.lask.com.pl\/index.php\/wp-json\/wp\/v2\/users\/1"}],"replies":[{"embeddable":true,"href":"https:\/\/www.jastrzebie.lask.com.pl\/index.php\/wp-json\/wp\/v2\/comments?post=413"}],"version-history":[{"count":42,"href":"https:\/\/www.jastrzebie.lask.com.pl\/index.php\/wp-json\/wp\/v2\/pages\/413\/revisions"}],"predecessor-version":[{"id":455,"href":"https:\/\/www.jastrzebie.lask.com.pl\/index.php\/wp-json\/wp\/v2\/pages\/413\/revisions\/455"}],"up":[{"embeddable":true,"href":"https:\/\/www.jastrzebie.lask.com.pl\/index.php\/wp-json\/wp\/v2\/pages\/69"}],"wp:attachment":[{"href":"https:\/\/www.jastrzebie.lask.com.pl\/index.php\/wp-json\/wp\/v2\/media?parent=413"}],"curies":[{"name":"wp","href":"https:\/\/api.w.org\/{rel}","templated":true}]}}