{"id":86,"date":"2010-12-31T01:14:48","date_gmt":"2010-12-31T01:14:48","guid":{"rendered":"http:\/\/pawellis.home.pl\/supermaraton\/index.php\/"},"modified":"2011-06-10T20:50:34","modified_gmt":"2011-06-10T20:50:34","slug":"program","status":"publish","type":"page","link":"https:\/\/www.jastrzebie.lask.com.pl\/index.php\/archiwum\/rowerowy-supermaraton\/program\/","title":{"rendered":"Program"},"content":{"rendered":"<p><strong>Supermaraton Jastrz\u0119bi \u0141askich odb\u0119dzie si\u0119 w dniach 11-12.06.2011r.<\/strong><\/p>\n<p>Start i meta na terenie miasta \u0141ask (ul. Narutowicza)<\/p>\n<p><strong>11 czerwca (sobota) 2011 r<\/strong><br \/>\ngodz. 18.00 &#8211; 21.00 &#8211; wydawanie numer\u00f3w startowych<br \/>\ngodz. 19.00 &#8211; 20.00 &#8211; otwarcie maratonu i kr\u00f3tka odprawa techniczna<\/p>\n<p><strong>12 czerwca (niedziela) 2011 r<\/strong><br \/>\ngodz. 7.00 &#8211; 8.30 &#8211; wydawanie numer\u00f3w startowych<br \/>\ngodz. 8.45 &#8211; wsp\u00f3lne zdj\u0119cie przed \u0141DK (ul. Narutowicza)<br \/>\ngodz. 9.00 &#8211; start maratonu<br \/>\n\u2022  Zawodnicy startuj\u0105 w grupach 10-osobowych w odst\u0119pach 2-minutowych.<br \/>\n\u2022  Podzia\u0142 na grupy startowe (list\u0119 startow\u0105) Organizator opublikuje w dniu <del datetime=\"2011-06-08T12:57:53+00:00\">7.06.2011 r.<\/del> 10.06.2011 r.<br \/>\ngodz. 18.00 &#8211; zamkni\u0119cie trasy zawod\u00f3w na wszystkich dystansach<br \/>\ngodz. <del datetime=\"2011-06-10T20:50:05+00:00\">20.00<\/del> 18.00 &#8211; dekoracje, wr\u0119czenie puchar\u00f3w i dyplom\u00f3w, losowanie nagr\u00f3d<br \/>\ngodz. <del datetime=\"2011-06-10T20:50:05+00:00\">22.00<\/del> 20.00 &#8211; zako\u0144czenie maratonu<\/p>\n<p><strong>Baza Supermaratonu:<\/strong><br \/>\n\u0141aski Dom Kultury<br \/>\nul. Narutowicza 11<br \/>\n98-100 \u0141ask<\/p>\n","protected":false},"excerpt":{"rendered":"<p>Supermaraton Jastrz\u0119bi \u0141askich odb\u0119dzie si\u0119 w dniach 11-12.06.2011r. Start i meta na terenie miasta \u0141ask (ul. Narutowicza) 11 czerwca (sobota) 2011 r godz. 18.00 &#8211; 21.00 &#8211; wydawanie numer\u00f3w startowych godz. 19.00 &#8211; 20.00 &#8211; otwarcie maratonu i kr\u00f3tka odprawa &hellip; <a href=\"https:\/\/www.jastrzebie.lask.com.pl\/index.php\/archiwum\/rowerowy-supermaraton\/program\/\">Czytaj dalej <span class=\"meta-nav\">&rarr;<\/span><\/a><\/p>\n","protected":false},"author":1,"featured_media":0,"parent":69,"menu_order":1,"comment_status":"closed","ping_status":"closed","template":"","meta":{"footnotes":""},"class_list":["post-86","page","type-page","status-publish","hentry"],"_links":{"self":[{"href":"https:\/\/www.jastrzebie.lask.com.pl\/index.php\/wp-json\/wp\/v2\/pages\/86","targetHints":{"allow":["GET"]}}],"collection":[{"href":"https:\/\/www.jastrzebie.lask.com.pl\/index.php\/wp-json\/wp\/v2\/pages"}],"about":[{"href":"https:\/\/www.jastrzebie.lask.com.pl\/index.php\/wp-json\/wp\/v2\/types\/page"}],"author":[{"embeddable":true,"href":"https:\/\/www.jastrzebie.lask.com.pl\/index.php\/wp-json\/wp\/v2\/users\/1"}],"replies":[{"embeddable":true,"href":"https:\/\/www.jastrzebie.lask.com.pl\/index.php\/wp-json\/wp\/v2\/comments?post=86"}],"version-history":[{"count":13,"href":"https:\/\/www.jastrzebie.lask.com.pl\/index.php\/wp-json\/wp\/v2\/pages\/86\/revisions"}],"predecessor-version":[{"id":877,"href":"https:\/\/www.jastrzebie.lask.com.pl\/index.php\/wp-json\/wp\/v2\/pages\/86\/revisions\/877"}],"up":[{"embeddable":true,"href":"https:\/\/www.jastrzebie.lask.com.pl\/index.php\/wp-json\/wp\/v2\/pages\/69"}],"wp:attachment":[{"href":"https:\/\/www.jastrzebie.lask.com.pl\/index.php\/wp-json\/wp\/v2\/media?parent=86"}],"curies":[{"name":"wp","href":"https:\/\/api.w.org\/{rel}","templated":true}]}}